hat is 89 + (-13 + 14 + -7 - 9 - 4)?
70
-5 + 16 + -1 - (7 - (-49 + 1))
-45
20 - (13 + (-5 - (14 + -8)))
18
Evaluate -18 - 39 - (8 + (-13 + 26 - 21)).
-57
-9 - (3 - (7 - 2) - (1 + 4 - 8))
-10
What is -2 + (5 - (8 - 6)) - (75 + 5 + -2)?
-77
What is (1 - 4) + 2746 + -2671?
72
-23 - (1 + 0 + 15 + (-24 - 46 - -59))
-28
Calculate (-5 - -5 - 1) + -4 + (-42 + 20 - -12).
-15
What is 74 - (82 + 156 + -76)?
-88
(8 - (-7 + -13 + 12 - -11)) + (-115 - -1)
-109
What is 0 + (2 + 62 + -8 - (19 - 18))?
55
Calculate -17 - (-15 - (11 - 22) - 10 - -14).
-17
What is the value of 9 + 4 + (5 - 4) - (-685 - -706)?
-7
What is (28 - 90) + 47 - (39 - (0 - -7))?
-47
What is -2085 + 2096 + -8 + 1 + (-2 - 4 - -6)?
4
1197 + -1214 - (-93 - 4 - 2 - -2)
80
1 - (-49 + 2) - (-137 + 108 - -38)
39
Evaluate -84 + -13 + 87 - 27.
-37
Calculate -32 + 1 + -209 + 234.
-6
What is the value of (89 - (16 - (-33 + 21))) + 4 + -7?
58
What is the value of -47 + 7 + (-11 - -22) + -3 + -13 + -4?
-49
What is the value of 37 + -83 + 212 - 18?
148
Evaluate -1 + -23 + 9 - (14 + (2 - 15)).
-16
What is the value of 206 + -224 - (4 + (-1 - -16))?
-37
(-14 - (-115 - -32) - (6 - 2)) + -18
47
3 - 26 - (-1199 + 1161)
15
Calculate (-4 - -2 - (-2 + 3 - -35)) + -607 + 613.
-32
-4 - (5 + -3 + (-4 - 1) - (-14 - -16))
1
Calculate -10 - ((21 - 4) + -43 + 16 + 28).
-28
What is the value of 61 - -44 - 2 - 131?
-28
(0 + (15 + -8 - -6) - (5 + -5)) + -2
11
What is (-11 - -3) + (-5 - (3 - (31 - 14)))?
1
Calculate 2 + 3 + -1 - (-2276 + 2297).
-17
Calculate 9 + 3 + -139 - (156 - 193).
-90
What is 65 - (-164 + 94 + 83)?
52
What is the value of -16 - (-11 + 25 + 8 + -14 - -3)?
-27
23 + -36 + 15 - (-69 + (-3 + 2 - -4))
68
Calculate 50 - (-15 + -88 + 92).
61
31 - ((-197 - -191) + 1 + 102)
-66
What is the value of 25 + -23 - (641 + -556)?
-83
36 - (-36 + 33 - -39)
0
What is the value of 3 - 40 - (-23 - -49 - 32)?
-31
What is 22 + (-1 - -2) - (24 + -36 + 6 + 15)?
14
What is -11 + (1 + 6 - (14 + (-8 - (-11 - -14))))?
-7
Calculate -90 - -84 - (5 + (4 - (31 - 1))).
15
Calculate 22 + -25 + (-23 - (12 + -31)) - (-118 - 1).
112
Evaluate -3 + (-6 - -8 - (7 - -8)).
-16
Calculate -1021 + 1058 + 1 + -95.
-57
Evaluate (-78 - (326 - 275)) + (2 + 6 - (-2 + 1)).
-120
Calculate -123 - ((7 - 7 - 8) + (22 - 33)).
-104
Calculate 23 + (-177 - (-11 - 3)) + -27 + 24.
-143
What is the value of -21 - (26 - (-52 + 33)) - -18?
-48
What is the value of -44 + 19 + 32 + 64?
71
What is -15 - (-74 - -73 - 82)?
68
Evaluate 107 - (-5 - (-7 + 1 + -1 + 512 + -513)).
104
-6 - (-4 + 2 + (9 - (18 + -6)) + -1)
0
Evaluate -17 - (-58 + -1 - ((-55 - -94) + -54)).
27
What is the value of -7 + (-10 - (-13 - -9)) - (-145 + 182)?
-50
(14 + -14 - 3 - 6) + -4 - -38
25
-54 - (-9 + (-18 - 23))
-4
What is the value of ((1 - 0) + -12 - -8) + 10 + 40?
47
14 + -4 + (107 - 42 - 66)
9
Calculate 0 + -1 + (-56 + 143 - 7).
79
What is (-42 - (-2 + -19 - -11)) + (-17 - -32)?
-17
Evaluate 9 + (94 - (-15 + -9 + 24)).
103
Calculate -34 + -13 + 49 + (16 - 8) + 78.
88
What is (-13 - 46) + -89 + (16 - -16)?
-116
What is 84 + -15 + -79 + -50?
-60
What is the value of 260 + -250 - ((91 - -1) + -12 + 9)?
-79
What is the value of (46 - 0) + -1086 + 1143?
103
What is (18 - (2 - -30)) + -15?
-29
What is the value of (-16 + 20 - 16) + -23 + 7 + 142?
114
What is -15 + (-12 - -41) + -5 + -33 + 12 + 0?
-12
What is the value of 29 + (-2 - 0 - (-53 - -55)) + -1 + 2?
26
What is 0 + -2 - ((10 - 0) + -10) - (66 + -132)?
64
(-124 - -131) + (2 + 0 - 0) + 0 + -61
-52
(-13 - -10) + (-72 - -62) - (-83 - 1)
71
Evaluate -27 - -43 - (-78 - 18).
112
What is 99 + 18 + (18 - (64 + -1 + -21))?
93
Calculate 3 - -2 - 14 - ((3 + -2 - -64) + 16).
-90
Calculate 92 + -80 + (5 + (3 - 4) - 1) + -69.
-54
What is (14 - (-30 - -106)) + 8?
-54
-131 + 136 + 8 + 68
81
What is 106 + -109 + (-4 - (5 - 5)) + 61?
54
What is the value of -18 + (-24 - -38) - -41?
37
What is the value of 1 - 2 - -78 - -4 - (-525 + 540)?
66
What is the value of -26 + 57 + 53 - 133?
-49
Calculate -39 + (93 - -38 - 14 - -29).
107
Calculate (-35 - -28) + 64 + (-1 - -3 - 9).
50
-19 + (46 + -6 - 25) + -68 + 2
-70
50 + (-141 - 12) - -63
-40
Calculate 1 + -43 + 2 + (0 - 18) + -107 + 131.
-34
-98 + (-2 - (-8 + 3)) - (3 - (-2 + 19))
-81
Evaluate -55 + -5 + 6 - (-20 + -31 + 40).
-43
What is 19 + 2 + (-4 - (0 + 18 + -24))?
23
Calculate 35 - (-12 - (-2 + 14 + -23)).
36
What is 26 - -7 - (-126 - -183)?
-24
Evaluate 0 + 6 + 1 + -9 + 8 + -23.
-17
26 + 0 + 2940 + -3002
-36
What is (-8 - 10) + (0 - 5) + 15 + (-30 - -42)?
4
What is -3 + (73 - 77) + 66?
59
83 + (-16 - -4) + -119
-48
What is the value of -13 + (-9 - (-92 + 84 + -2 + 0)) + -33?
-45
Calculate 1035 + -1012 - (-1 - -7) - 71.
-54
42 + -47 - (-16 + 42)
-31
What is the value of 2 + -11 + (21 - -3) - (18 - 12)?
9
What is 71 + 18 - -14 - 127?
-24
0 + 30 + (56 - 46 - 23) - 8
9
Calculate -14 - (0 - -12) - (-10 + 9).
-25
(-23 - (3 - 5)) + (9090 - 9145)
-76
100 + -78 - (-45 - -15)
52
What is -151 + (-123 + 164 - -26)?
-84
What is 40 + (-49 - (-28 + 3))?
16
4 + (-12 - (-1 - -4)) + 9 + (50 - 46)
2
What is (-36 - 1) + -13 + -11 + (10 - -19)?
-32
What is the value of -6 - -2 - 87 - 1 - (1082 + -1095)?
-79
What is (3856 - 3916) + (-9 - -5) + (-1 - 2)?
-67
What is (29 + (-25 - -17) - 0) + 17?
38
Calculate -69 + -111 + (117 - 13).
-76
What is the value of 16 + 25 + (-6 - -26) + -32?
29
-37 + 18 + 8 + (-8 - 15)
-34
What is the value of (-7 - 0 - (4 + -6 - 51)) + 7 + -1?
52
Calculate -22 + (-40 - -116) + -51.
3
What is the value of 2 + 50 + 0 + (39 + -20 + -13 - -6)?
64
Calculate 0 - 52 - (-1659 + 1620).
-13
Calculate (12 - 23) + (-19 - (-97 + -21)).
88
Evaluate -46 + 7 - 37 - (-11 - -3).
-68
What is the value of 113 + (-133 - (110 - 198))?
68
What is the value of 14 + -19 + 18 + -14 - (-12 - -7 - -39)?
-35
What is -27 + 77 - 37 - (125 - 1) - (2 - 9)?
-104
What is the value of -18 + -15 - (6 - (10 - 2 - 7))?
-38
Evaluate (23 - 7) + -8 - (-26 + 9 + 2 + 6).
17
What is the value of 41 + -54 + (9 - -54) + -10 + (0 - -6)?
46
Evaluate -11 + 23 - (-3 + (3 - (13 + -1 + 22))).
46
Calculate -8 + 17 + (12 - (20 - 21)).
22
What is the value of -12 + 174 + (-536 - -418)?
44
What is -1 + 8 + (-595 - -604) + 35?
51
(12 - -3) + (-26 - -36 - 4)
21
What is the value of 33 - (21 + 33 + 12)?
-33
(5 - 15) + (-1 + -9 - -39) - -10
29
15 + 3 - (31 + -21 + 11)
-3
28 - (-20 + 10) - -5 - (12 + (-12 - -7))
36
What is the value of 48 - (63 + -24) - 6?
3
-10 + 0 + 8 + -2 + -541 + 558 - 6
7
46 + (-75 - -41) + -76
-64
What is the value of -3 + 2 + (-5 - ((-9 - -3) + 43 + 13))?
-56
-20 + 16 + 16 + 67 + -3 + -5 + 7
78
2 + 2 + 1 + -58 + -1 - (-349 - -336)
-41
What is (-5 + -8 + (-17 - -10) + 5 - -8) + 139?
132
What is -13 - (10 - 73) - (4 + -1 - -10)?
37
Evaluate 1 - (-35 + (-19 - -41)).
14
(75 - 35) + -132 + 10 - (2 - 9)
-75
Calculate (-71 - -1) + -56 + 80 + -30 + -1.
-77
Calculate (-34 - (33 - 96)) + -42.
-13
Evaluate (-10 + (53 - 23) - -79) + -11 - 4.
84
-54 - (51 + 93 + -197)
-1
Calculate (107 - (-121 - -205)) + (-24 - 0) - (19 + 0).
-20
What is -13 + 11 + -1 + -331 + 342?
8
(-34 - -36) + (0 - -7) + (-7 - (-25 + -30))
57
Evaluate 27 - (-14 - -3) - (17 - 35).
56
Calculate (150 + -121 - (20 - -1)) + -21.
-13
Calculate 9 - (12 - -11) - (-9 - -27 - 4).
-28
-26 + 98 + -140 + 92 + 14
38
-8 - -2 - ((3 - -29) + 94 + -113 - 42)
23
Evaluate -27 - (-126 + (-75 - -148)).
26
Evaluate 4 + -60 + -8 + 0 + 30.
-34
Calculate -3 - ((2 + -1 - (31 - -5 - 36)) + -24).
20
What is the value of 1 + 27 + 1342 + -1327?
43
Calculate 2801 + -2827 - (22 - -1).
-49
What is the value of -34 + (2 + (1 - -9) - (-87 - (-85 + -14)))?
-34
Evaluate (-90 - -57) + 59 + (-2 - 17).
7
185 + -23 - (231 + -4)
-65
Evaluate 2 + 7 + (-10 + (-2 - -1) - (-6 - -18)).
-14
Calculate 33 + (37 - 2 - 47) + -55.
-34
-4 - (10 + -31) - (20 + -34 + -28)
59
Evaluate (-2 - (9 - 16)) + -77 - 14.
-86
What is the value of 3 + 8 + -23 + 15 + -1 - -70?
72
Calculate (-40 - (6 + -3)) + (-45 - (-14 - 27)).
-47
What is -41 + 1 + (98 - 72) + -20?
-34
-40 + (-8 - ((1 - 2) + -60 + 46))
-33
Evaluate 85 + -93 + (5 - (-5 + -2 - -10)).
-6
What is the value of 1 + -2 + (-16 - (-83 + 40))?
26
What is 31 - (-82 - (97 - 149))?
61
Calculate 11 + -14 + -6 + (-15 + 7 - -23 - 5).
1
Calculate -83 + 21 + 46 + 1.
-15
Evaluate -13 + -6 + -4 - -